{"id":1496,"date":"2024-09-10T14:51:33","date_gmt":"2024-09-10T12:51:33","guid":{"rendered":"https:\/\/www.oc-cultura.eu\/projet\/1492\/"},"modified":"2024-09-11T21:29:22","modified_gmt":"2024-09-11T19:29:22","slug":"te_catalogue_creation","status":"publish","type":"projet","link":"https:\/\/www.oc-cultura.eu\/oc-fr\/projet\/te_catalogue_creation\/","title":{"rendered":"Descobrir T\u00e8 ! lo catal\u00f2g de la creacion occitana actuala"},"featured_media":1494,"template":"","meta":{"_acf_changed":false,"inline_featured_image":false},"categories":[42,46,49,47,51,52],"tags":[110,106,73,88,111,107,108,112,109],"class_list":["post-1496","projet","type-projet","status-publish","has-post-thumbnail","hentry","category-culturas-actualas","category-literatura","category-medias-oc-fr","category-musica","category-patrimoni","category-patrimoni-cultural-immaterial","tag-creacion","tag-creation-oc-fr","tag-cultura","tag-culture-oc-fr","tag-occitana","tag-occitane-oc-fr","tag-parution-oc-fr","tag-teatre","tag-theatre-oc-fr"],"acf":[],"yoast_head":"<!-- This site is optimized with the Yoast SEO plugin v27.3 - https:\/\/yoast.com\/product\/yoast-seo-wordpress\/ -->\n<title>Descobrir T\u00e8 ! lo catal\u00f2g de la creacion occitana actuala - CIRD\u00d2C - Institut occitan de cultura<\/title>\n<meta name=\"robots\" content=\"index, follow, max-snippet:-1, max-image-preview:large, max-video-preview:-1\" \/>\n<link rel=\"canonical\" href=\"https:\/\/www.oc-cultura.eu\/oc-fr\/projet\/te_catalogue_creation\/\" \/>\n<meta property=\"og:locale\" content=\"en_US\" \/>\n<meta property=\"og:type\" content=\"article\" \/>\n<meta property=\"og:title\" content=\"Descobrir T\u00e8 ! lo catal\u00f2g de la creacion occitana actuala - CIRD\u00d2C - Institut occitan de cultura\" \/>\n<meta property=\"og:description\" content=\"T\u00e8 ! est le catalogue de la cr\u00e9ation actuelle occitane propos\u00e9 par le CIRDOC deux fois par an depuis 2020.\" \/>\n<meta property=\"og:url\" content=\"https:\/\/www.oc-cultura.eu\/oc-fr\/projet\/te_catalogue_creation\/\" \/>\n<meta property=\"og:site_name\" content=\"CIRD\u00d2C - Institut occitan de cultura\" \/>\n<meta property=\"article:publisher\" content=\"https:\/\/www.facebook.com\/oc.cultura\/\" \/>\n<meta property=\"article:modified_time\" content=\"2024-09-11T19:29:22+00:00\" \/>\n<meta property=\"og:image\" content=\"https:\/\/www.oc-cultura.eu\/wp-content\/uploads\/2024\/09\/Couverture-numero-TE-09-1.png\" \/>\n\t<meta property=\"og:image:width\" content=\"1000\" \/>\n\t<meta property=\"og:image:height\" content=\"1052\" \/>\n\t<meta property=\"og:image:type\" content=\"image\/png\" \/>\n<meta name=\"twitter:card\" content=\"summary_large_image\" \/>\n<script type=\"application\/ld+json\" class=\"yoast-schema-graph\">{\"@context\":\"https:\\\/\\\/schema.org\",\"@graph\":[{\"@type\":\"WebPage\",\"@id\":\"https:\\\/\\\/www.oc-cultura.eu\\\/oc-fr\\\/projet\\\/te_catalogue_creation\\\/\",\"url\":\"https:\\\/\\\/www.oc-cultura.eu\\\/oc-fr\\\/projet\\\/te_catalogue_creation\\\/\",\"name\":\"Descobrir T\u00e8 ! lo catal\u00f2g de la creacion occitana actuala - CIRD\u00d2C - Institut occitan de cultura\",\"isPartOf\":{\"@id\":\"https:\\\/\\\/www.oc-cultura.eu\\\/oc-fr\\\/#website\"},\"primaryImageOfPage\":{\"@id\":\"https:\\\/\\\/www.oc-cultura.eu\\\/oc-fr\\\/projet\\\/te_catalogue_creation\\\/#primaryimage\"},\"image\":{\"@id\":\"https:\\\/\\\/www.oc-cultura.eu\\\/oc-fr\\\/projet\\\/te_catalogue_creation\\\/#primaryimage\"},\"thumbnailUrl\":\"https:\\\/\\\/www.oc-cultura.eu\\\/wp-content\\\/uploads\\\/2024\\\/09\\\/Couverture-numero-TE-09-1.png\",\"datePublished\":\"2024-09-10T12:51:33+00:00\",\"dateModified\":\"2024-09-11T19:29:22+00:00\",\"breadcrumb\":{\"@id\":\"https:\\\/\\\/www.oc-cultura.eu\\\/oc-fr\\\/projet\\\/te_catalogue_creation\\\/#breadcrumb\"},\"inLanguage\":\"oc-OC\",\"potentialAction\":[{\"@type\":\"ReadAction\",\"target\":[\"https:\\\/\\\/www.oc-cultura.eu\\\/oc-fr\\\/projet\\\/te_catalogue_creation\\\/\"]}]},{\"@type\":\"ImageObject\",\"inLanguage\":\"oc-OC\",\"@id\":\"https:\\\/\\\/www.oc-cultura.eu\\\/oc-fr\\\/projet\\\/te_catalogue_creation\\\/#primaryimage\",\"url\":\"https:\\\/\\\/www.oc-cultura.eu\\\/wp-content\\\/uploads\\\/2024\\\/09\\\/Couverture-numero-TE-09-1.png\",\"contentUrl\":\"https:\\\/\\\/www.oc-cultura.eu\\\/wp-content\\\/uploads\\\/2024\\\/09\\\/Couverture-numero-TE-09-1.png\",\"width\":1000,\"height\":1052,\"caption\":\"Couverture du num\u00e9ro 9 de T\u00e8 !\"},{\"@type\":\"BreadcrumbList\",\"@id\":\"https:\\\/\\\/www.oc-cultura.eu\\\/oc-fr\\\/projet\\\/te_catalogue_creation\\\/#breadcrumb\",\"itemListElement\":[{\"@type\":\"ListItem\",\"position\":1,\"name\":\"Accueil\",\"item\":\"https:\\\/\\\/www.oc-cultura.eu\\\/oc-fr\\\/\"},{\"@type\":\"ListItem\",\"position\":2,\"name\":\"Descobrir T\u00e8 ! lo catal\u00f2g de la creacion occitana actuala\"}]},{\"@type\":\"WebSite\",\"@id\":\"https:\\\/\\\/www.oc-cultura.eu\\\/oc-fr\\\/#website\",\"url\":\"https:\\\/\\\/www.oc-cultura.eu\\\/oc-fr\\\/\",\"name\":\"CIRDOC - Institut occitan de cultura\",\"description\":\"\",\"publisher\":{\"@id\":\"https:\\\/\\\/www.oc-cultura.eu\\\/oc-fr\\\/#organization\"},\"potentialAction\":[{\"@type\":\"SearchAction\",\"target\":{\"@type\":\"EntryPoint\",\"urlTemplate\":\"https:\\\/\\\/www.oc-cultura.eu\\\/oc-fr\\\/?s={search_term_string}\"},\"query-input\":{\"@type\":\"PropertyValueSpecification\",\"valueRequired\":true,\"valueName\":\"search_term_string\"}}],\"inLanguage\":\"oc-OC\"},{\"@type\":\"Organization\",\"@id\":\"https:\\\/\\\/www.oc-cultura.eu\\\/oc-fr\\\/#organization\",\"name\":\"CIRDOC - Institut occitan de cultura\",\"url\":\"https:\\\/\\\/www.oc-cultura.eu\\\/oc-fr\\\/\",\"logo\":{\"@type\":\"ImageObject\",\"inLanguage\":\"oc-OC\",\"@id\":\"https:\\\/\\\/www.oc-cultura.eu\\\/oc-fr\\\/#\\\/schema\\\/logo\\\/image\\\/\",\"url\":\"https:\\\/\\\/www.oc-cultura.eu\\\/wp-content\\\/uploads\\\/2024\\\/07\\\/Logo_CIRDOC-V2.svg\",\"contentUrl\":\"https:\\\/\\\/www.oc-cultura.eu\\\/wp-content\\\/uploads\\\/2024\\\/07\\\/Logo_CIRDOC-V2.svg\",\"width\":\"1024\",\"height\":\"1024\",\"caption\":\"CIRDOC - Institut occitan de cultura\"},\"image\":{\"@id\":\"https:\\\/\\\/www.oc-cultura.eu\\\/oc-fr\\\/#\\\/schema\\\/logo\\\/image\\\/\"},\"sameAs\":[\"https:\\\/\\\/www.facebook.com\\\/oc.cultura\\\/\",\"https:\\\/\\\/www.instagram.com\\\/cirdoc_institut\\\/\",\"https:\\\/\\\/www.linkedin.com\\\/company\\\/cirdocinstitut-occitan-de-cultura\\\/?originalSubdomain=fr\"]}]}<\/script>\n<!-- \/ Yoast SEO plugin. -->","yoast_head_json":{"title":"Descobrir T\u00e8 ! lo catal\u00f2g de la creacion occitana actuala - CIRD\u00d2C - Institut occitan de cultura","robots":{"index":"index","follow":"follow","max-snippet":"max-snippet:-1","max-image-preview":"max-image-preview:large","max-video-preview":"max-video-preview:-1"},"canonical":"https:\/\/www.oc-cultura.eu\/oc-fr\/projet\/te_catalogue_creation\/","og_locale":"en_US","og_type":"article","og_title":"Descobrir T\u00e8 ! lo catal\u00f2g de la creacion occitana actuala - CIRD\u00d2C - Institut occitan de cultura","og_description":"T\u00e8 ! est le catalogue de la cr\u00e9ation actuelle occitane propos\u00e9 par le CIRDOC deux fois par an depuis 2020.","og_url":"https:\/\/www.oc-cultura.eu\/oc-fr\/projet\/te_catalogue_creation\/","og_site_name":"CIRD\u00d2C - Institut occitan de cultura","article_publisher":"https:\/\/www.facebook.com\/oc.cultura\/","article_modified_time":"2024-09-11T19:29:22+00:00","og_image":[{"width":1000,"height":1052,"url":"https:\/\/www.oc-cultura.eu\/wp-content\/uploads\/2024\/09\/Couverture-numero-TE-09-1.png","type":"image\/png"}],"twitter_card":"summary_large_image","schema":{"@context":"https:\/\/schema.org","@graph":[{"@type":"WebPage","@id":"https:\/\/www.oc-cultura.eu\/oc-fr\/projet\/te_catalogue_creation\/","url":"https:\/\/www.oc-cultura.eu\/oc-fr\/projet\/te_catalogue_creation\/","name":"Descobrir T\u00e8 ! lo catal\u00f2g de la creacion occitana actuala - CIRD\u00d2C - Institut occitan de cultura","isPartOf":{"@id":"https:\/\/www.oc-cultura.eu\/oc-fr\/#website"},"primaryImageOfPage":{"@id":"https:\/\/www.oc-cultura.eu\/oc-fr\/projet\/te_catalogue_creation\/#primaryimage"},"image":{"@id":"https:\/\/www.oc-cultura.eu\/oc-fr\/projet\/te_catalogue_creation\/#primaryimage"},"thumbnailUrl":"https:\/\/www.oc-cultura.eu\/wp-content\/uploads\/2024\/09\/Couverture-numero-TE-09-1.png","datePublished":"2024-09-10T12:51:33+00:00","dateModified":"2024-09-11T19:29:22+00:00","breadcrumb":{"@id":"https:\/\/www.oc-cultura.eu\/oc-fr\/projet\/te_catalogue_creation\/#breadcrumb"},"inLanguage":"oc-OC","potentialAction":[{"@type":"ReadAction","target":["https:\/\/www.oc-cultura.eu\/oc-fr\/projet\/te_catalogue_creation\/"]}]},{"@type":"ImageObject","inLanguage":"oc-OC","@id":"https:\/\/www.oc-cultura.eu\/oc-fr\/projet\/te_catalogue_creation\/#primaryimage","url":"https:\/\/www.oc-cultura.eu\/wp-content\/uploads\/2024\/09\/Couverture-numero-TE-09-1.png","contentUrl":"https:\/\/www.oc-cultura.eu\/wp-content\/uploads\/2024\/09\/Couverture-numero-TE-09-1.png","width":1000,"height":1052,"caption":"Couverture du num\u00e9ro 9 de T\u00e8 !"},{"@type":"BreadcrumbList","@id":"https:\/\/www.oc-cultura.eu\/oc-fr\/projet\/te_catalogue_creation\/#breadcrumb","itemListElement":[{"@type":"ListItem","position":1,"name":"Accueil","item":"https:\/\/www.oc-cultura.eu\/oc-fr\/"},{"@type":"ListItem","position":2,"name":"Descobrir T\u00e8 ! lo catal\u00f2g de la creacion occitana actuala"}]},{"@type":"WebSite","@id":"https:\/\/www.oc-cultura.eu\/oc-fr\/#website","url":"https:\/\/www.oc-cultura.eu\/oc-fr\/","name":"CIRDOC - Institut occitan de cultura","description":"","publisher":{"@id":"https:\/\/www.oc-cultura.eu\/oc-fr\/#organization"},"potentialAction":[{"@type":"SearchAction","target":{"@type":"EntryPoint","urlTemplate":"https:\/\/www.oc-cultura.eu\/oc-fr\/?s={search_term_string}"},"query-input":{"@type":"PropertyValueSpecification","valueRequired":true,"valueName":"search_term_string"}}],"inLanguage":"oc-OC"},{"@type":"Organization","@id":"https:\/\/www.oc-cultura.eu\/oc-fr\/#organization","name":"CIRDOC - Institut occitan de cultura","url":"https:\/\/www.oc-cultura.eu\/oc-fr\/","logo":{"@type":"ImageObject","inLanguage":"oc-OC","@id":"https:\/\/www.oc-cultura.eu\/oc-fr\/#\/schema\/logo\/image\/","url":"https:\/\/www.oc-cultura.eu\/wp-content\/uploads\/2024\/07\/Logo_CIRDOC-V2.svg","contentUrl":"https:\/\/www.oc-cultura.eu\/wp-content\/uploads\/2024\/07\/Logo_CIRDOC-V2.svg","width":"1024","height":"1024","caption":"CIRDOC - Institut occitan de cultura"},"image":{"@id":"https:\/\/www.oc-cultura.eu\/oc-fr\/#\/schema\/logo\/image\/"},"sameAs":["https:\/\/www.facebook.com\/oc.cultura\/","https:\/\/www.instagram.com\/cirdoc_institut\/","https:\/\/www.linkedin.com\/company\/cirdocinstitut-occitan-de-cultura\/?originalSubdomain=fr"]}]}},"_links":{"self":[{"href":"https:\/\/www.oc-cultura.eu\/oc-fr\/wp-json\/wp\/v2\/projet\/1496","targetHints":{"allow":["GET"]}}],"collection":[{"href":"https:\/\/www.oc-cultura.eu\/oc-fr\/wp-json\/wp\/v2\/projet"}],"about":[{"href":"https:\/\/www.oc-cultura.eu\/oc-fr\/wp-json\/wp\/v2\/types\/projet"}],"wp:featuredmedia":[{"embeddable":true,"href":"https:\/\/www.oc-cultura.eu\/oc-fr\/wp-json\/wp\/v2\/media\/1494"}],"wp:attachment":[{"href":"https:\/\/www.oc-cultura.eu\/oc-fr\/wp-json\/wp\/v2\/media?parent=1496"}],"wp:term":[{"taxonomy":"category","embeddable":true,"href":"https:\/\/www.oc-cultura.eu\/oc-fr\/wp-json\/wp\/v2\/categories?post=1496"},{"taxonomy":"post_tag","embeddable":true,"href":"https:\/\/www.oc-cultura.eu\/oc-fr\/wp-json\/wp\/v2\/tags?post=1496"}],"curies":[{"name":"wp","href":"https:\/\/api.w.org\/{rel}","templated":true}]}}

Descobrir Tè ! lo catalòg de la creacion occitana actuala

<!-- This site is optimized with the Yoast SEO plugin v27.3 - https://yoast.com/product/yoast-seo-wordpress/ -->
<title>Descobrir Tè ! lo catalòg de la creacion occitana actuala - CIRDÒC - Institut occitan de cultura</title>
<meta name="robots" content="index, follow, max-snippet:-1, max-image-preview:large, max-video-preview:-1" />
<link rel="canonical" href="https://www.oc-cultura.eu/oc-fr/projet/te_catalogue_creation/" />
<meta property="og:locale" content="en_US" />
<meta property="og:type" content="article" />
<meta property="og:title" content="Descobrir Tè ! lo catalòg de la creacion occitana actuala - CIRDÒC - Institut occitan de cultura" />
<meta property="og:description" content="Tè ! est le catalogue de la création actuelle occitane proposé par le CIRDOC deux fois par an depuis 2020." />
<meta property="og:url" content="https://www.oc-cultura.eu/oc-fr/projet/te_catalogue_creation/" />
<meta property="og:site_name" content="CIRDÒC - Institut occitan de cultura" />
<meta property="article:publisher" content="https://www.facebook.com/oc.cultura/" />
<meta property="article:modified_time" content="2024-09-11T19:29:22+00:00" />
<meta property="og:image" content="https://www.oc-cultura.eu/wp-content/uploads/2024/09/Couverture-numero-TE-09-1.png" />
	<meta property="og:image:width" content="1000" />
	<meta property="og:image:height" content="1052" />
	<meta property="og:image:type" content="image/png" />
<meta name="twitter:card" content="summary_large_image" />
<script type="application/ld+json" class="yoast-schema-graph">{"@context":"https:\/\/schema.org","@graph":[{"@type":"WebPage","@id":"https:\/\/www.oc-cultura.eu\/oc-fr\/projet\/te_catalogue_creation\/","url":"https:\/\/www.oc-cultura.eu\/oc-fr\/projet\/te_catalogue_creation\/","name":"Descobrir Tè ! lo catalòg de la creacion occitana actuala - CIRDÒC - Institut occitan de cultura","isPartOf":{"@id":"https:\/\/www.oc-cultura.eu\/oc-fr\/#website"},"primaryImageOfPage":{"@id":"https:\/\/www.oc-cultura.eu\/oc-fr\/projet\/te_catalogue_creation\/#primaryimage"},"image":{"@id":"https:\/\/www.oc-cultura.eu\/oc-fr\/projet\/te_catalogue_creation\/#primaryimage"},"thumbnailUrl":"https:\/\/www.oc-cultura.eu\/wp-content\/uploads\/2024\/09\/Couverture-numero-TE-09-1.png","datePublished":"2024-09-10T12:51:33+00:00","dateModified":"2024-09-11T19:29:22+00:00","breadcrumb":{"@id":"https:\/\/www.oc-cultura.eu\/oc-fr\/projet\/te_catalogue_creation\/#breadcrumb"},"inLanguage":"oc-OC","potentialAction":[{"@type":"ReadAction","target":["https:\/\/www.oc-cultura.eu\/oc-fr\/projet\/te_catalogue_creation\/"]}]},{"@type":"ImageObject","inLanguage":"oc-OC","@id":"https:\/\/www.oc-cultura.eu\/oc-fr\/projet\/te_catalogue_creation\/#primaryimage","url":"https:\/\/www.oc-cultura.eu\/wp-content\/uploads\/2024\/09\/Couverture-numero-TE-09-1.png","contentUrl":"https:\/\/www.oc-cultura.eu\/wp-content\/uploads\/2024\/09\/Couverture-numero-TE-09-1.png","width":1000,"height":1052,"caption":"Couverture du numéro 9 de Tè !"},{"@type":"BreadcrumbList","@id":"https:\/\/www.oc-cultura.eu\/oc-fr\/projet\/te_catalogue_creation\/#breadcrumb","itemListElement":[{"@type":"ListItem","position":1,"name":"Accueil","item":"https:\/\/www.oc-cultura.eu\/oc-fr\/"},{"@type":"ListItem","position":2,"name":"Descobrir Tè ! lo catalòg de la creacion occitana actuala"}]},{"@type":"WebSite","@id":"https:\/\/www.oc-cultura.eu\/oc-fr\/#website","url":"https:\/\/www.oc-cultura.eu\/oc-fr\/","name":"CIRDOC - Institut occitan de cultura","description":"","publisher":{"@id":"https:\/\/www.oc-cultura.eu\/oc-fr\/#organization"},"potentialAction":[{"@type":"SearchAction","target":{"@type":"EntryPoint","urlTemplate":"https:\/\/www.oc-cultura.eu\/oc-fr\/?s={search_term_string}"},"query-input":{"@type":"PropertyValueSpecification","valueRequired":true,"valueName":"search_term_string"}}],"inLanguage":"oc-OC"},{"@type":"Organization","@id":"https:\/\/www.oc-cultura.eu\/oc-fr\/#organization","name":"CIRDOC - Institut occitan de cultura","url":"https:\/\/www.oc-cultura.eu\/oc-fr\/","logo":{"@type":"ImageObject","inLanguage":"oc-OC","@id":"https:\/\/www.oc-cultura.eu\/oc-fr\/#\/schema\/logo\/image\/","url":"https:\/\/www.oc-cultura.eu\/wp-content\/uploads\/2024\/07\/Logo_CIRDOC-V2.svg","contentUrl":"https:\/\/www.oc-cultura.eu\/wp-content\/uploads\/2024\/07\/Logo_CIRDOC-V2.svg","width":"1024","height":"1024","caption":"CIRDOC - Institut occitan de cultura"},"image":{"@id":"https:\/\/www.oc-cultura.eu\/oc-fr\/#\/schema\/logo\/image\/"},"sameAs":["https:\/\/www.facebook.com\/oc.cultura\/","https:\/\/www.instagram.com\/cirdoc_institut\/","https:\/\/www.linkedin.com\/company\/cirdocinstitut-occitan-de-cultura\/?originalSubdomain=fr"]}]}</script>
<!-- / Yoast SEO plugin. -->

Descobrir Tè ! lo catalòg de la creacion occitana actuala - CIRDÒC - Institut occitan de cultura

Tè ! est le catalogue de la création actuelle occitane proposé par le CIRDOC deux fois par an depuis 2020.

CIRDÒC - Institut occitan de cultura

Couverture du numéro 9 de Tè !
